. What is f(c)?
19
Let k(j) be the first derivative of j**2/2 - 2*j - 2. Let a be (-72)/(-84) + ((-60)/21 - -3). Determine k(a).
-1
Let i(l) be the first derivative of -2*l**3/3 + 2*l**2 - 5*l - 2111. What is i(2)?
-5
Let l(c) = c**3 + 10*c**2 + c - 8. Suppose 45 = -5*f - p, 3*f + 288 - 239 = -5*p. Determine l(f).
112
Let r(c) = 2*c. Let p = -118 - -125. Suppose 10*b - p = 13. What is r(b)?
4
Let c = 226 + -226. Suppose c*k - 66 = 22*k. Let t(x) be the second derivative of -x**5/20 - x**4/3 - x**3/6 + x**2/2 + x. Determine t(k).
-5
Let h(o) = 62*o + 2291. Let i be h(-37). Let l(w) = w**3 + 2*w**2 - 3*w + 2. Determine l(i).
2
Let s(x) = -3*x - 2. Suppose 3*d - 7*d = 4*z - 96, 4*d - 5*z = 69. Let j be 7*(-3)/(d/(-2)). Suppose 4*y = -j - 10. What is s(y)?
7
Let p be (864/(-3240))/((32/(-10))/2). Let m(a) be the second derivative of p*a**3 + 3/2*a**2 + 0 - 1/4*a**4 + 1/20*a**5 - 4*a. Calculate m(3).
6
Let w(g) = 13*g - 11. Let i(o) = 16*o - 12. Suppose 0 = -y + 60 - 54. Let u(k) = y*w(k) - 5*i(k). What is u(-6)?
6
Let r(a) = -6*a**2 + a - 1. Let t(u) = 31*u**2 - 7*u - 2. Let o(w) = 10*r(w) + 2*t(w). Give o(9).
112
Let h be ((-2)/(-22))/(2/22). Let u be 37/(-222) - (h + (-5)/(-6)). Let s(o) = -3*o + o**2 + o + 5*o + 3 + 0*o. Calculate s(u).
1
Let y(m) = -6*m - 1. Let z be (54/81)/((-2)/15). Let w be (-16)/2*z/60*3. Determine y(w).
-13
Let f(b) be the first derivative of -b**3/3 - 6*b**2 - 11*b + 3798. Determine f(-8).
21
Let h(r) = -2*r**2 + 10*r - 1. Let t be 3/9 + 308/21. Let d be (t - 7)*(-3)/(-6). Let y be h(d). Let c(m) = m - 7. Give c(y).
0
Let b(a) = -10*a + 59. Let p = 1474 + -1467. What is b(p)?
-11
Let s(t) = 6 + 1 - 3*t + 4*t. Suppose 38*r - 44*r = -5814. Let n = r + -978. Calculate s(n).
-2
Let g(c) = -3*c + 521 - 262 - 237. Determine g(12).
-14
Let c(v) = 5*v**2 - 2*v + 112. Let d(q) = q**2 - q + 42. Let m(t) = -c(t) + 3*d(t). Calculate m(6).
-64
Let h(f) = f**3 - 8*f**2 - 9*f - 1. Let j be h(9). Let t(x) = -946 - 3*x**2 + 946 - 3*x**2. What is t(j)?
-6
Let q(s) = s**2 - s - 10. Let v = -11465 + 11458. Give q(v).
46
Let f(z) = -2 + 2*z + 11 + 7 - z. Let p be f(-8). Let c(a) be the first derivative of a**3/3 - 5*a**2 + 10*a + 3943. Determine c(p).
-6
Let o(n) be the second derivative of -11*n**5/20 + n**3/3 - n**2/2 + 505*n + 1. Let x be (-2)/(-8) - 26/8. Let b be 3/x + (-4)/(-2). Calculate o(b).
-10
Let q = 79 - 71. Suppose -13*p = -q*p + 5. Let c(h) = -h. Let f(x) = -12*x - 1. Let o(v) = -2*c(v) - f(v). What is o(p)?
-13
Let u(t) = -2*t**3 - 5*t**2 - 2*t - 2. Let n be -9 - 351/(-36) - 1/(-4). Let p(g) = g**3 + g**2. Let x(v) = n*u(v) + 4*p(v). Determine x(-1).
-3
Let u(a) = -a**3 + 9*a**2 - 13*a. Let w(d) = 2*d**3 - 18*d**2 - 37*d + 339. Let l be w(9). What is u(l)?
30
Let l(o) = -o**2 + 10*o. Let c(v) = 6*v**3 + v**2 + 13*v + 5. Let a be c(-3). Let t = a - -197. Give l(t).
0
Let c(m) = -3*m + 1. Let y(o) = -5*o + 5. Let q(v) = c(v) + y(v). Give q(2).
-10
Let y(v) be the second derivative of v**3/6 + 5*v**2 + 141*v. Let q(j) = 42*j - 172. Let b be q(4). Determine y(b).
6
Let u(d) = 2*d**3 - 9*d**2 + 5*d - 3. Let v(t) = -4*t**3 + 15*t**2 - 8*t + 6. Let o(c) = -5*u(c) - 3*v(c). Determine o(0).
-3
Let f(r) = 20*r + 87. Suppose 39 = -q + 5*d, -4*q - 1326*d - 51 = -1331*d. Determine f(q).
7
Let t(l) = -2*l - 17. Let o(k) = k**2 - 20*k + 74. Suppose -82 = -5*p - 4*b, -4*p = -4*b + 10 - 54. Let d be o(p). Give t(d).
3
Let d(h) be the first derivative of h**3/3 + h**2 + 6*h + 11. Let j be d(-3). Suppose -8*p + j*p - 4*p = 0. Let s(a) = -a**2 - a - 5. Give s(p).
-5
Let d(g) = g**2 + 6*g + 9. Suppose -2*m = 10, -147*s - 7 = -143*s - 5*m. Determine d(s).
25
Let r(b) = 266 - 28238*b - 162 - 749 + 28158*b. Give r(-8).
-5
Let n = -68 + 88. Suppose -3*u - n - 13 = 0. Let d be (-3 + -1 - u)*-1. Let l(b) = b**3 + 6*b**2 - 7*b - 2. Determine l(d).
-2
Suppose 0 = -4*h + 4, 3*p - 24 = -5*h + 11. Let v(c) = -2*c - 15. Let x(l) = -3*l - 17. Let n(d) = -4*v(d) + 3*x(d). What is n(p)?
-1
Let o(y) = 191*y - 7*y**2 - 97*y - 97*y + 3. Let t(b) = 30*b**2 + 13*b - 13. Let z(k) = 9*o(k) + 2*t(k). Give z(2).
-13
Let g(l) be the third derivative of -1/120*l**6 + 95*l**2 - 2*l**3 + 0*l + 0 - 1/6*l**4 + 7/60*l**5. Give g(6).
0
Let y be (3 + 13)/(34/(-85)). Let a be y/12*2*45/(-50). Let u(x) = x**2 - 4*x - 5. What is u(a)?
7
Let u(f) = f**2 + 2*f - 28. Let s(m) = 1033*m + 3. Let v be s(0). What is u(v)?
-13
Let k(o) = o**3 - 11*o**2 - 10*o - 9. Suppose 19*h = 48*h - 20*h - 108. What is k(h)?
15
Suppose 862 = 323*v - 368*v + 187. Let u(i) = i**3 + 15*i**2 + i + 26. What is u(v)?
11
Let f(v) = -v**2 + 23*v - 109. Let a(z) = -z**2 + 154*z + 15. Let s be a(0). Give f(s).
11
Let g(o) = 5*o**2 - 8*o - 8. Let m(z) = -z**2 - z + 1. Let j(k) = g(k) + 4*m(k). Let w(b) = b**2 - b - 3. Let c(h) = j(h) - 2*w(h). What is c(-12)?
-22
Let a(y) = -15*y - 658. Let p be a(0). Let k = -661 - p. Let g(f) be the first derivative of 2*f**3/3 + f**2/2 + 1. Calculate g(k).
15
Let m(q) be the second derivative of q**3/3 + q**2 + 3536*q. Let s = -3 - 3. Give m(s).
-10
Suppose -i - 89*w = -93*w - 11, 5*i - 21 = 3*w. Let d(k) be the third derivative of 23*k**2 - 1/24*k**4 + 1/4*k**5 - 1/6*k**i + 0 + 0*k. Calculate d(-1).
15
Let m be 2 + 1 + (21 - (35 - 19)). Let i(q) = q**3 - 8*q**2 - 3*q + 6. What is i(m)?
-18
Let m(b) = b**2 + 2*b + 1. Let j(u) = -2*u**2 - 2*u + 4. Let o be j(-3). Let d = 0 - o. Suppose -d = -2*h - 10. What is m(h)?
0
Let c(w) = -w**3 - w**2 - w + 3. Let k(r) = -r**2 - 4*r + 6. Let h(f) = 2*c(f) - k(f). Let t = -28 + 15. Let m = t - -11. Determine h(m).
8
Suppose -2*m - z + 12 = 0, -2*z - 6 = 2*m - 4*m. Suppose 0 = -m*b - 15*w + 17*w - 46, 2*b = 3*w - 25. Let q(h) = h**3 + 8*h**2 + 3. What is q(b)?
3
Let k(v) = -v**3 + v**2 + v + 16. Let s(a) = a**2 - 18*a - 92. Let l be s(22). Let m(t) = 41*t + 164. Let r be m(l). Calculate k(r).
16
Let m(f) = -58*f - 1. Suppose -3*y - 4 = -2*k, 9*y = 4*y + k - 9. Let n(z) = 8*z + 1. Let j(v) = y*m(v) - 14*n(v). Give j(3).
0
Let d(r) be the third derivative of 1/60*r**5 + 0*r**3 - 1/12*r**4 + 5*r**2 + 21*r + 0 + 3/40*r**6. Determine d(1).
8
Suppose 36*h - 8*h = -32*h + 120. Let q(i) = 20*i**2 - i - 6. Let y(v) = -10*v**2 + v + 3. Let k(u) = -3*q(u) - 5*y(u). What is k(h)?
-41
Let f(g) = -3*g**3 + 26 - g + 2*g**3 + 6*g**2 + g**2 - 6*g. Let v be f(6). Let c(d) = -29*d + d**2 - 1 + 18*d + v*d. Give c(-10).
9
Let b(p) = -p**2 - 8*p - 11. Let q(x) = 2*x**2 + 7*x + 12. Suppose -5 = 13*w - 31. Let c(a) = w*q(a) + 3*b(a). What is c(11)?
2
Let k(d) = -d**2 - d. Let u(p) = p**3 - 13*p**2 - 3*p - 4. Let m(o) = 3*k(o) - u(o). Suppose 455 = 60*n - 145. What is m(n)?
4
Let v(w) be the first derivative of -w**3/3 + 27*w**2/2 + 15*w - 5462. Calculate v(25).
65
Let h(x) = -4*x. Let z = 2242 - 2236. Give h(z).
-24
Let u(h) be the first derivative of -3*h - 11 + 1/3*h**3 - 3/2*h**2. Let f = -365 - -368. What is u(f)?
-3
Let q = -8691 + 8698. Let b(h) = -18*h + 33. Give b(q).
-93
Let a be 0 - -1 - (-1)/1. Let s(m) = -m**2 - 98200742 + 196401486 - 98200746 + 0*m**2 + 5*m**3. Give s(a).
34
Let u(x) = -11*x**2 + 17*x - 309 - x**3 - 5*x + 305 + 0*x**3 - 11*x. Let h be (-75)/7 - (-4)/(-14). Give u(h).
-15
Let x be (-2 - 1*-5)/(45*(-21)/630). Let y(m) be the third derivative of 7*m**4/24 + m**3/2 + m**2. Give y(x).
-11
Suppose 399 = -17*o - 604. Let m = 52 + o. Let v(n) be the third derivative of n**5/60 + n**4/4 - 4*n**3/3 - n**2. Calculate v(m).
-1
Let h(x) = -16*x + 38. Let c(n) = -19*n + 50. Let b(o) = -5*c(o) + 6*h(o). Calculate b(-10).
-12
Let o(b) be the second derivative of b**5/20 + 5*b**4/3 - 7*b**3 + 31*b**2/2 + 203*b + 11. What is o(-22)?
-13
Let w(j) = 312*j**2 + 0*j**3 - j**3 - 11*j - 22 - 322*j**2. What is w(-9)?
-4
Let s(m) = 1643*m - 6574. Let o be s(4). Let u(z) = 4*z**3 - 5*z**2 - 8*z - 5. What is u(o)?
-41
Let j(f) = 3*f**3 - 21*f**2 - 79*f + 21. Let k(q) = -2*q**3 + 10*q**2 + 40*q - 15. Let c(b) = -3*j(b) - 5*k(b). Calculate c(-4).
8
Let d(c) = 63749 - 127441 + 63727 - c. Determine d(-24).
59
Let n(m) = m**3 + 1. Let u be n(0). Let x = -17 + 54. Let w(t) = -30*t + 88*t - x*t - 22*t. Give w(u).
-1
Let r be (-3 - 0/(-1)) + 336/24. Let t(c) = -22 + r + 5 - 11*c + 5. Calculate t(1).
-12
Let c = -116 - -129. Let x = c + -15. Let f be 1*x*(-15)/(-5).